{"id":1725,"date":"2017-06-21T16:18:34","date_gmt":"2017-06-21T14:18:34","guid":{"rendered":"http:\/\/www.vetements-villablanche.fr\/?page_id=1725"},"modified":"2021-10-21T14:35:09","modified_gmt":"2021-10-21T12:35:09","slug":"selection-coup-de-coeur-de-villa-blanche","status":"publish","type":"page","link":"https:\/\/www.vetements-villablanche.fr\/index.php\/selection-coup-de-coeur-de-villa-blanche\/","title":{"rendered":"La s\u00e9lection coup de coeur de Villa Blanche"},"content":{"rendered":"<div class=\"fusion-fullwidth fullwidth-box fusion-fullwidth-1  fusion-parallax-none nonhundred-percent-fullwidth\" style=\"border-color:#eae9e9;border-bottom-width: 0px;border-top-width: 0px;border-bottom-style: solid;border-top-style: solid;padding-bottom:20px;padding-top:20px;padding-left:;padding-right:;background-color:rgba(255,255,255,0);\"><style type=\"text\/css\" scoped=\"scoped\">.fusion-fullwidth-1 {\n                            padding-left: px !important;\n                            padding-right: px !important;\n                        }<\/style><div class=\"fusion-row\"><h1 style=\"text-align: center;\">LA S\u00c9LECTION COUP DE COEUR<\/h1>\n<p style=\"text-align: center;\">Un article vous int\u00e9resse ?<br \/>\nN\u2019h\u00e9sitez pas \u00e0 nous appeler pour un conseil ou une vente \u00e0 distance au <strong>04 50 02 01 53<\/strong> !<br \/>\nNous nous ferons un plaisir de vous r\u00e9pondre !<\/p>\n<div class=\"fusion-one-third fusion-layout-column fusion-spacing-yes\" style=\"margin-top:0px;margin-bottom:50px;\"><div class=\"fusion-column-wrapper\"><p><a href=\"http:\/\/www.vetements-villablanche.fr\/wp-content\/uploads\/2021\/10\/a53d341b-ee4d-4726-94aa-d6a9796a3152.jpg\"><img loading=\"lazy\" class=\"alignnone size-full wp-image-3050\" src=\"http:\/\/www.vetements-villablanche.fr\/wp-content\/uploads\/2021\/10\/a53d341b-ee4d-4726-94aa-d6a9796a3152.jpg\" alt=\"\" width=\"768\" height=\"1024\" srcset=\"https:\/\/www.vetements-villablanche.fr\/wp-content\/uploads\/2021\/10\/a53d341b-ee4d-4726-94aa-d6a9796a3152-200x267.jpg 200w, https:\/\/www.vetements-villablanche.fr\/wp-content\/uploads\/2021\/10\/a53d341b-ee4d-4726-94aa-d6a9796a3152-225x300.jpg 225w, https:\/\/www.vetements-villablanche.fr\/wp-content\/uploads\/2021\/10\/a53d341b-ee4d-4726-94aa-d6a9796a3152-400x533.jpg 400w, https:\/\/www.vetements-villablanche.fr\/wp-content\/uploads\/2021\/10\/a53d341b-ee4d-4726-94aa-d6a9796a3152-600x800.jpg 600w, https:\/\/www.vetements-villablanche.fr\/wp-content\/uploads\/2021\/10\/a53d341b-ee4d-4726-94aa-d6a9796a3152.jpg 768w\" sizes=\"(max-width: 768px) 100vw, 768px\" \/><\/a><\/p>\n<div class=\"fusion-clearfix\"><\/div><\/div><\/div><div class=\"fusion-one-third fusion-layout-column fusion-spacing-yes\" style=\"margin-top:0px;margin-bottom:50px;\"><div class=\"fusion-column-wrapper\"><p><a href=\"http:\/\/www.vetements-villablanche.fr\/wp-content\/uploads\/2021\/10\/PHOTO-2021-09-27-09-44-44-2.jpg\"><img loading=\"lazy\" class=\"alignnone size-full wp-image-3038\" src=\"http:\/\/www.vetements-villablanche.fr\/wp-content\/uploads\/2021\/10\/PHOTO-2021-09-27-09-44-44-2.jpg\" alt=\"\" width=\"768\" height=\"1024\" srcset=\"https:\/\/www.vetements-villablanche.fr\/wp-content\/uploads\/2021\/10\/PHOTO-2021-09-27-09-44-44-2-200x267.jpg 200w, https:\/\/www.vetements-villablanche.fr\/wp-content\/uploads\/2021\/10\/PHOTO-2021-09-27-09-44-44-2-225x300.jpg 225w, https:\/\/www.vetements-villablanche.fr\/wp-content\/uploads\/2021\/10\/PHOTO-2021-09-27-09-44-44-2-400x533.jpg 400w, https:\/\/www.vetements-villablanche.fr\/wp-content\/uploads\/2021\/10\/PHOTO-2021-09-27-09-44-44-2-600x800.jpg 600w, https:\/\/www.vetements-villablanche.fr\/wp-content\/uploads\/2021\/10\/PHOTO-2021-09-27-09-44-44-2.jpg 768w\" sizes=\"(max-width: 768px) 100vw, 768px\" \/><\/a><\/p>\n<p style=\"text-align: center;\">Tee shirt FIVE JEANS et Chemise PAKO LITTO<\/p>\n<div class=\"fusion-clearfix\"><\/div><\/div><\/div><div class=\"fusion-one-third fusion-layout-column fusion-column-last fusion-spacing-yes\" style=\"margin-top:0px;margin-bottom:50px;\"><div class=\"fusion-column-wrapper\"><p><a href=\"http:\/\/www.vetements-villablanche.fr\/wp-content\/uploads\/2021\/10\/1s1039-11513C7120_T_1500x.jpg\"><img loading=\"lazy\" class=\"alignnone size-full wp-image-3035\" src=\"http:\/\/www.vetements-villablanche.fr\/wp-content\/uploads\/2021\/10\/1s1039-11513C7120_T_1500x.jpg\" alt=\"\" width=\"1500\" height=\"1958\" srcset=\"https:\/\/www.vetements-villablanche.fr\/wp-content\/uploads\/2021\/10\/1s1039-11513C7120_T_1500x-200x261.jpg 200w, https:\/\/www.vetements-villablanche.fr\/wp-content\/uploads\/2021\/10\/1s1039-11513C7120_T_1500x-230x300.jpg 230w, https:\/\/www.vetements-villablanche.fr\/wp-content\/uploads\/2021\/10\/1s1039-11513C7120_T_1500x-400x522.jpg 400w, https:\/\/www.vetements-villablanche.fr\/wp-content\/uploads\/2021\/10\/1s1039-11513C7120_T_1500x-600x783.jpg 600w, https:\/\/www.vetements-villablanche.fr\/wp-content\/uploads\/2021\/10\/1s1039-11513C7120_T_1500x-768x1002.jpg 768w, https:\/\/www.vetements-villablanche.fr\/wp-content\/uploads\/2021\/10\/1s1039-11513C7120_T_1500x-784x1024.jpg 784w, https:\/\/www.vetements-villablanche.fr\/wp-content\/uploads\/2021\/10\/1s1039-11513C7120_T_1500x-800x1044.jpg 800w, https:\/\/www.vetements-villablanche.fr\/wp-content\/uploads\/2021\/10\/1s1039-11513C7120_T_1500x-1200x1566.jpg 1200w, https:\/\/www.vetements-villablanche.fr\/wp-content\/uploads\/2021\/10\/1s1039-11513C7120_T_1500x.jpg 1500w\" sizes=\"(max-width: 1500px) 100vw, 1500px\" \/><\/a><\/p>\n<p>Look SUMMUM<\/p>\n<div class=\"fusion-clearfix\"><\/div><\/div><\/div><div class=\"fusion-clearfix\"><\/div><div class=\"fusion-one-third fusion-layout-column fusion-spacing-yes\" style=\"margin-top:0px;margin-bottom:50px;\"><div class=\"fusion-column-wrapper\"><p><a href=\"http:\/\/www.vetements-villablanche.fr\/wp-content\/uploads\/2021\/10\/6ac6cc3c-a90e-4116-8ee6-c9923ae1818b.jpg\"><img loading=\"lazy\" class=\"alignnone size-full wp-image-3036\" src=\"http:\/\/www.vetements-villablanche.fr\/wp-content\/uploads\/2021\/10\/6ac6cc3c-a90e-4116-8ee6-c9923ae1818b.jpg\" alt=\"\" width=\"768\" height=\"1024\" srcset=\"https:\/\/www.vetements-villablanche.fr\/wp-content\/uploads\/2021\/10\/6ac6cc3c-a90e-4116-8ee6-c9923ae1818b-200x267.jpg 200w, https:\/\/www.vetements-villablanche.fr\/wp-content\/uploads\/2021\/10\/6ac6cc3c-a90e-4116-8ee6-c9923ae1818b-225x300.jpg 225w, https:\/\/www.vetements-villablanche.fr\/wp-content\/uploads\/2021\/10\/6ac6cc3c-a90e-4116-8ee6-c9923ae1818b-400x533.jpg 400w, https:\/\/www.vetements-villablanche.fr\/wp-content\/uploads\/2021\/10\/6ac6cc3c-a90e-4116-8ee6-c9923ae1818b-600x800.jpg 600w, https:\/\/www.vetements-villablanche.fr\/wp-content\/uploads\/2021\/10\/6ac6cc3c-a90e-4116-8ee6-c9923ae1818b.jpg 768w\" sizes=\"(max-width: 768px) 100vw, 768px\" \/><\/a><\/p>\n<div class=\"fusion-clearfix\"><\/div><\/div><\/div><div class=\"fusion-one-third fusion-layout-column fusion-spacing-yes\" style=\"margin-top:0px;margin-bottom:50px;\"><div class=\"fusion-column-wrapper\"><p><a href=\"http:\/\/www.vetements-villablanche.fr\/wp-content\/uploads\/2021\/10\/6bef8ba4-9b6c-4be5-afe1-6d9fe465c0a9.jpg\"><img loading=\"lazy\" class=\"alignnone size-full wp-image-3041\" src=\"http:\/\/www.vetements-villablanche.fr\/wp-content\/uploads\/2021\/10\/6bef8ba4-9b6c-4be5-afe1-6d9fe465c0a9.jpg\" alt=\"\" width=\"768\" height=\"1024\" srcset=\"https:\/\/www.vetements-villablanche.fr\/wp-content\/uploads\/2021\/10\/6bef8ba4-9b6c-4be5-afe1-6d9fe465c0a9-200x267.jpg 200w, https:\/\/www.vetements-villablanche.fr\/wp-content\/uploads\/2021\/10\/6bef8ba4-9b6c-4be5-afe1-6d9fe465c0a9-225x300.jpg 225w, https:\/\/www.vetements-villablanche.fr\/wp-content\/uploads\/2021\/10\/6bef8ba4-9b6c-4be5-afe1-6d9fe465c0a9-400x533.jpg 400w, https:\/\/www.vetements-villablanche.fr\/wp-content\/uploads\/2021\/10\/6bef8ba4-9b6c-4be5-afe1-6d9fe465c0a9-600x800.jpg 600w, https:\/\/www.vetements-villablanche.fr\/wp-content\/uploads\/2021\/10\/6bef8ba4-9b6c-4be5-afe1-6d9fe465c0a9.jpg 768w\" sizes=\"(max-width: 768px) 100vw, 768px\" \/><\/a><\/p>\n<div class=\"fusion-clearfix\"><\/div><\/div><\/div><div class=\"fusion-one-third fusion-layout-column fusion-column-last fusion-spacing-yes\" style=\"margin-top:0px;margin-bottom:50px;\"><div class=\"fusion-column-wrapper\"><p><a href=\"http:\/\/www.vetements-villablanche.fr\/wp-content\/uploads\/2021\/10\/402b7c0b-32b9-4343-9b78-c40dac5834f7.jpg\"><img loading=\"lazy\" class=\"alignnone size-full wp-image-3039\" src=\"http:\/\/www.vetements-villablanche.fr\/wp-content\/uploads\/2021\/10\/402b7c0b-32b9-4343-9b78-c40dac5834f7.jpg\" alt=\"\" width=\"768\" height=\"1024\" srcset=\"https:\/\/www.vetements-villablanche.fr\/wp-content\/uploads\/2021\/10\/402b7c0b-32b9-4343-9b78-c40dac5834f7-200x267.jpg 200w, https:\/\/www.vetements-villablanche.fr\/wp-content\/uploads\/2021\/10\/402b7c0b-32b9-4343-9b78-c40dac5834f7-225x300.jpg 225w, https:\/\/www.vetements-villablanche.fr\/wp-content\/uploads\/2021\/10\/402b7c0b-32b9-4343-9b78-c40dac5834f7-400x533.jpg 400w, https:\/\/www.vetements-villablanche.fr\/wp-content\/uploads\/2021\/10\/402b7c0b-32b9-4343-9b78-c40dac5834f7-600x800.jpg 600w, https:\/\/www.vetements-villablanche.fr\/wp-content\/uploads\/2021\/10\/402b7c0b-32b9-4343-9b78-c40dac5834f7.jpg 768w\" sizes=\"(max-width: 768px) 100vw, 768px\" \/><\/a><\/p>\n<div class=\"fusion-clearfix\"><\/div><\/div><\/div><div class=\"fusion-clearfix\"><\/div><div class=\"fusion-one-full fusion-layout-column fusion-column-last fusion-spacing-yes\" style=\"margin-top:0px;margin-bottom:50px;\"><div class=\"fusion-column-wrapper\"><p><a href=\"http:\/\/www.vetements-villablanche.fr\/wp-content\/uploads\/2021\/10\/slider-4-1.jpg\"><img loading=\"lazy\" class=\"alignnone size-full wp-image-3045\" src=\"http:\/\/www.vetements-villablanche.fr\/wp-content\/uploads\/2021\/10\/slider-4-1.jpg\" alt=\"\" width=\"1560\" height=\"932\" srcset=\"https:\/\/www.vetements-villablanche.fr\/wp-content\/uploads\/2021\/10\/slider-4-1-200x119.jpg 200w, https:\/\/www.vetements-villablanche.fr\/wp-content\/uploads\/2021\/10\/slider-4-1-300x179.jpg 300w, https:\/\/www.vetements-villablanche.fr\/wp-content\/uploads\/2021\/10\/slider-4-1-400x239.jpg 400w, https:\/\/www.vetements-villablanche.fr\/wp-content\/uploads\/2021\/10\/slider-4-1-600x358.jpg 600w, https:\/\/www.vetements-villablanche.fr\/wp-content\/uploads\/2021\/10\/slider-4-1-768x459.jpg 768w, https:\/\/www.vetements-villablanche.fr\/wp-content\/uploads\/2021\/10\/slider-4-1-800x478.jpg 800w, https:\/\/www.vetements-villablanche.fr\/wp-content\/uploads\/2021\/10\/slider-4-1-1024x612.jpg 1024w, https:\/\/www.vetements-villablanche.fr\/wp-content\/uploads\/2021\/10\/slider-4-1-1200x717.jpg 1200w, https:\/\/www.vetements-villablanche.fr\/wp-content\/uploads\/2021\/10\/slider-4-1.jpg 1560w\" sizes=\"(max-width: 1560px) 100vw, 1560px\" \/><\/a><\/p>\n<div class=\"fusion-clearfix\"><\/div><\/div><\/div><div class=\"fusion-clearfix\"><\/div><div class=\"fusion-one-third fusion-layout-column fusion-spacing-yes\" style=\"margin-top:0px;margin-bottom:50px;\"><div class=\"fusion-column-wrapper\"><p><a href=\"http:\/\/www.vetements-villablanche.fr\/wp-content\/uploads\/2021\/10\/3ed0817e-72d1-437b-afe0-f195869338ec.jpg\"><img loading=\"lazy\" class=\"alignnone size-full wp-image-3042\" src=\"http:\/\/www.vetements-villablanche.fr\/wp-content\/uploads\/2021\/10\/3ed0817e-72d1-437b-afe0-f195869338ec.jpg\" alt=\"\" width=\"1080\" height=\"1080\" srcset=\"https:\/\/www.vetements-villablanche.fr\/wp-content\/uploads\/2021\/10\/3ed0817e-72d1-437b-afe0-f195869338ec-66x66.jpg 66w, https:\/\/www.vetements-villablanche.fr\/wp-content\/uploads\/2021\/10\/3ed0817e-72d1-437b-afe0-f195869338ec-150x150.jpg 150w, https:\/\/www.vetements-villablanche.fr\/wp-content\/uploads\/2021\/10\/3ed0817e-72d1-437b-afe0-f195869338ec-200x200.jpg 200w, https:\/\/www.vetements-villablanche.fr\/wp-content\/uploads\/2021\/10\/3ed0817e-72d1-437b-afe0-f195869338ec-300x300.jpg 300w, https:\/\/www.vetements-villablanche.fr\/wp-content\/uploads\/2021\/10\/3ed0817e-72d1-437b-afe0-f195869338ec-400x400.jpg 400w, https:\/\/www.vetements-villablanche.fr\/wp-content\/uploads\/2021\/10\/3ed0817e-72d1-437b-afe0-f195869338ec-600x600.jpg 600w, https:\/\/www.vetements-villablanche.fr\/wp-content\/uploads\/2021\/10\/3ed0817e-72d1-437b-afe0-f195869338ec-768x768.jpg 768w, https:\/\/www.vetements-villablanche.fr\/wp-content\/uploads\/2021\/10\/3ed0817e-72d1-437b-afe0-f195869338ec-800x800.jpg 800w, https:\/\/www.vetements-villablanche.fr\/wp-content\/uploads\/2021\/10\/3ed0817e-72d1-437b-afe0-f195869338ec-1024x1024.jpg 1024w, https:\/\/www.vetements-villablanche.fr\/wp-content\/uploads\/2021\/10\/3ed0817e-72d1-437b-afe0-f195869338ec.jpg 1080w\" sizes=\"(max-width: 1080px) 100vw, 1080px\" \/><\/a><\/p>\n<div class=\"fusion-clearfix\"><\/div><\/div><\/div><div class=\"fusion-one-third fusion-layout-column fusion-spacing-yes\" style=\"margin-top:0px;margin-bottom:50px;\"><div class=\"fusion-column-wrapper\"><p><a href=\"http:\/\/www.vetements-villablanche.fr\/wp-content\/uploads\/2021\/10\/03ba40fe-c8c3-49e0-b3c4-eaa530cb6038.jpg\"><img loading=\"lazy\" class=\"alignnone size-full wp-image-3043\" src=\"http:\/\/www.vetements-villablanche.fr\/wp-content\/uploads\/2021\/10\/03ba40fe-c8c3-49e0-b3c4-eaa530cb6038.jpg\" alt=\"\" width=\"1080\" height=\"1080\" srcset=\"https:\/\/www.vetements-villablanche.fr\/wp-content\/uploads\/2021\/10\/03ba40fe-c8c3-49e0-b3c4-eaa530cb6038-66x66.jpg 66w, https:\/\/www.vetements-villablanche.fr\/wp-content\/uploads\/2021\/10\/03ba40fe-c8c3-49e0-b3c4-eaa530cb6038-150x150.jpg 150w, https:\/\/www.vetements-villablanche.fr\/wp-content\/uploads\/2021\/10\/03ba40fe-c8c3-49e0-b3c4-eaa530cb6038-200x200.jpg 200w, https:\/\/www.vetements-villablanche.fr\/wp-content\/uploads\/2021\/10\/03ba40fe-c8c3-49e0-b3c4-eaa530cb6038-300x300.jpg 300w, https:\/\/www.vetements-villablanche.fr\/wp-content\/uploads\/2021\/10\/03ba40fe-c8c3-49e0-b3c4-eaa530cb6038-400x400.jpg 400w, https:\/\/www.vetements-villablanche.fr\/wp-content\/uploads\/2021\/10\/03ba40fe-c8c3-49e0-b3c4-eaa530cb6038-600x600.jpg 600w, https:\/\/www.vetements-villablanche.fr\/wp-content\/uploads\/2021\/10\/03ba40fe-c8c3-49e0-b3c4-eaa530cb6038-768x768.jpg 768w, https:\/\/www.vetements-villablanche.fr\/wp-content\/uploads\/2021\/10\/03ba40fe-c8c3-49e0-b3c4-eaa530cb6038-800x800.jpg 800w, https:\/\/www.vetements-villablanche.fr\/wp-content\/uploads\/2021\/10\/03ba40fe-c8c3-49e0-b3c4-eaa530cb6038-1024x1024.jpg 1024w, https:\/\/www.vetements-villablanche.fr\/wp-content\/uploads\/2021\/10\/03ba40fe-c8c3-49e0-b3c4-eaa530cb6038.jpg 1080w\" sizes=\"(max-width: 1080px) 100vw, 1080px\" \/><\/a><\/p>\n<div class=\"fusion-clearfix\"><\/div><\/div><\/div><div class=\"fusion-one-third fusion-layout-column fusion-column-last fusion-spacing-yes\" style=\"margin-top:0px;margin-bottom:50px;\"><div class=\"fusion-column-wrapper\"><p><a href=\"http:\/\/www.vetements-villablanche.fr\/wp-content\/uploads\/2021\/10\/9ef80016-2633-4ec3-9522-05edfb5803e7.jpg\"><img loading=\"lazy\" class=\"alignnone size-full wp-image-3044\" src=\"http:\/\/www.vetements-villablanche.fr\/wp-content\/uploads\/2021\/10\/9ef80016-2633-4ec3-9522-05edfb5803e7.jpg\" alt=\"\" width=\"1080\" height=\"1080\" srcset=\"https:\/\/www.vetements-villablanche.fr\/wp-content\/uploads\/2021\/10\/9ef80016-2633-4ec3-9522-05edfb5803e7-66x66.jpg 66w, https:\/\/www.vetements-villablanche.fr\/wp-content\/uploads\/2021\/10\/9ef80016-2633-4ec3-9522-05edfb5803e7-150x150.jpg 150w, https:\/\/www.vetements-villablanche.fr\/wp-content\/uploads\/2021\/10\/9ef80016-2633-4ec3-9522-05edfb5803e7-200x200.jpg 200w, https:\/\/www.vetements-villablanche.fr\/wp-content\/uploads\/2021\/10\/9ef80016-2633-4ec3-9522-05edfb5803e7-300x300.jpg 300w, https:\/\/www.vetements-villablanche.fr\/wp-content\/uploads\/2021\/10\/9ef80016-2633-4ec3-9522-05edfb5803e7-400x400.jpg 400w, https:\/\/www.vetements-villablanche.fr\/wp-content\/uploads\/2021\/10\/9ef80016-2633-4ec3-9522-05edfb5803e7-600x600.jpg 600w, https:\/\/www.vetements-villablanche.fr\/wp-content\/uploads\/2021\/10\/9ef80016-2633-4ec3-9522-05edfb5803e7-768x768.jpg 768w, https:\/\/www.vetements-villablanche.fr\/wp-content\/uploads\/2021\/10\/9ef80016-2633-4ec3-9522-05edfb5803e7-800x800.jpg 800w, https:\/\/www.vetements-villablanche.fr\/wp-content\/uploads\/2021\/10\/9ef80016-2633-4ec3-9522-05edfb5803e7-1024x1024.jpg 1024w, https:\/\/www.vetements-villablanche.fr\/wp-content\/uploads\/2021\/10\/9ef80016-2633-4ec3-9522-05edfb5803e7.jpg 1080w\" sizes=\"(max-width: 1080px) 100vw, 1080px\" \/><\/a><\/p>\n<div class=\"fusion-clearfix\"><\/div><\/div><\/div><div class=\"fusion-clearfix\"><\/div><div class=\"fusion-one-full fusion-layout-column fusion-column-last fusion-spacing-yes\" style=\"margin-top:0px;margin-bottom:50px;\"><div class=\"fusion-column-wrapper\"><p><a href=\"http:\/\/www.vetements-villablanche.fr\/wp-content\/uploads\/2021\/10\/1f552469-1ad4-4d1c-a35e-780059793120.jpg\"><img loading=\"lazy\" class=\"alignnone size-full wp-image-3046 aligncenter\" src=\"http:\/\/www.vetements-villablanche.fr\/wp-content\/uploads\/2021\/10\/1f552469-1ad4-4d1c-a35e-780059793120.jpg\" alt=\"\" width=\"1024\" height=\"768\" srcset=\"https:\/\/www.vetements-villablanche.fr\/wp-content\/uploads\/2021\/10\/1f552469-1ad4-4d1c-a35e-780059793120-200x150.jpg 200w, https:\/\/www.vetements-villablanche.fr\/wp-content\/uploads\/2021\/10\/1f552469-1ad4-4d1c-a35e-780059793120-300x225.jpg 300w, https:\/\/www.vetements-villablanche.fr\/wp-content\/uploads\/2021\/10\/1f552469-1ad4-4d1c-a35e-780059793120-400x300.jpg 400w, https:\/\/www.vetements-villablanche.fr\/wp-content\/uploads\/2021\/10\/1f552469-1ad4-4d1c-a35e-780059793120-600x450.jpg 600w, https:\/\/www.vetements-villablanche.fr\/wp-content\/uploads\/2021\/10\/1f552469-1ad4-4d1c-a35e-780059793120-768x576.jpg 768w, https:\/\/www.vetements-villablanche.fr\/wp-content\/uploads\/2021\/10\/1f552469-1ad4-4d1c-a35e-780059793120-800x600.jpg 800w, https:\/\/www.vetements-villablanche.fr\/wp-content\/uploads\/2021\/10\/1f552469-1ad4-4d1c-a35e-780059793120.jpg 1024w\" sizes=\"(max-width: 1024px) 100vw, 1024px\" \/><\/a><\/p>\n<div class=\"fusion-clearfix\"><\/div><\/div><\/div><div class=\"fusion-clearfix\"><\/div><div class=\"fusion-one-third fusion-layout-column fusion-spacing-yes\" style=\"margin-top:0px;margin-bottom:50px;\"><div class=\"fusion-column-wrapper\"><p><a href=\"http:\/\/www.vetements-villablanche.fr\/wp-content\/uploads\/2021\/10\/a98f4c17-712f-4def-8312-24918c78b651.jpg\"><img loading=\"lazy\" class=\"alignnone size-full wp-image-3047\" src=\"http:\/\/www.vetements-villablanche.fr\/wp-content\/uploads\/2021\/10\/a98f4c17-712f-4def-8312-24918c78b651.jpg\" alt=\"\" width=\"768\" height=\"1024\" srcset=\"https:\/\/www.vetements-villablanche.fr\/wp-content\/uploads\/2021\/10\/a98f4c17-712f-4def-8312-24918c78b651-200x267.jpg 200w, https:\/\/www.vetements-villablanche.fr\/wp-content\/uploads\/2021\/10\/a98f4c17-712f-4def-8312-24918c78b651-225x300.jpg 225w, https:\/\/www.vetements-villablanche.fr\/wp-content\/uploads\/2021\/10\/a98f4c17-712f-4def-8312-24918c78b651-400x533.jpg 400w, https:\/\/www.vetements-villablanche.fr\/wp-content\/uploads\/2021\/10\/a98f4c17-712f-4def-8312-24918c78b651-600x800.jpg 600w, https:\/\/www.vetements-villablanche.fr\/wp-content\/uploads\/2021\/10\/a98f4c17-712f-4def-8312-24918c78b651.jpg 768w\" sizes=\"(max-width: 768px) 100vw, 768px\" \/><\/a><\/p>\n<div class=\"fusion-clearfix\"><\/div><\/div><\/div><div class=\"fusion-one-third fusion-layout-column fusion-spacing-yes\" style=\"margin-top:0px;margin-bottom:50px;\"><div class=\"fusion-column-wrapper\"><p><a href=\"http:\/\/www.vetements-villablanche.fr\/wp-content\/uploads\/2021\/10\/PHOTO-2021-10-05-08-30-34.jpg\"><img loading=\"lazy\" class=\"alignnone size-full wp-image-3048\" src=\"http:\/\/www.vetements-villablanche.fr\/wp-content\/uploads\/2021\/10\/PHOTO-2021-10-05-08-30-34.jpg\" alt=\"\" width=\"768\" height=\"1024\" srcset=\"https:\/\/www.vetements-villablanche.fr\/wp-content\/uploads\/2021\/10\/PHOTO-2021-10-05-08-30-34-200x267.jpg 200w, https:\/\/www.vetements-villablanche.fr\/wp-content\/uploads\/2021\/10\/PHOTO-2021-10-05-08-30-34-225x300.jpg 225w, https:\/\/www.vetements-villablanche.fr\/wp-content\/uploads\/2021\/10\/PHOTO-2021-10-05-08-30-34-400x533.jpg 400w, https:\/\/www.vetements-villablanche.fr\/wp-content\/uploads\/2021\/10\/PHOTO-2021-10-05-08-30-34-600x800.jpg 600w, https:\/\/www.vetements-villablanche.fr\/wp-content\/uploads\/2021\/10\/PHOTO-2021-10-05-08-30-34.jpg 768w\" sizes=\"(max-width: 768px) 100vw, 768px\" \/><\/a><\/p>\n<div class=\"fusion-clearfix\"><\/div><\/div><\/div><div class=\"fusion-one-third fusion-layout-column fusion-column-last fusion-spacing-yes\" style=\"margin-top:0px;margin-bottom:50px;\"><div class=\"fusion-column-wrapper\"><p><a href=\"http:\/\/www.vetements-villablanche.fr\/wp-content\/uploads\/2021\/10\/PHOTO-2021-10-14-21-50-27.jpg\"><img loading=\"lazy\" class=\"alignnone size-full wp-image-3049\" src=\"http:\/\/www.vetements-villablanche.fr\/wp-content\/uploads\/2021\/10\/PHOTO-2021-10-14-21-50-27.jpg\" alt=\"\" width=\"768\" height=\"1024\" srcset=\"https:\/\/www.vetements-villablanche.fr\/wp-content\/uploads\/2021\/10\/PHOTO-2021-10-14-21-50-27-200x267.jpg 200w, https:\/\/www.vetements-villablanche.fr\/wp-content\/uploads\/2021\/10\/PHOTO-2021-10-14-21-50-27-225x300.jpg 225w, https:\/\/www.vetements-villablanche.fr\/wp-content\/uploads\/2021\/10\/PHOTO-2021-10-14-21-50-27-400x533.jpg 400w, https:\/\/www.vetements-villablanche.fr\/wp-content\/uploads\/2021\/10\/PHOTO-2021-10-14-21-50-27-600x800.jpg 600w, https:\/\/www.vetements-villablanche.fr\/wp-content\/uploads\/2021\/10\/PHOTO-2021-10-14-21-50-27.jpg 768w\" sizes=\"(max-width: 768px) 100vw, 768px\" \/><\/a><\/p>\n<div class=\"fusion-clearfix\"><\/div><\/div><\/div><div class=\"fusion-clearfix\"><\/div><div class=\"fusion-one-full fusion-layout-column fusion-column-last fusion-spacing-yes\" style=\"margin-top:0px;margin-bottom:50px;\"><div class=\"fusion-column-wrapper\"><p><a href=\"http:\/\/www.vetements-villablanche.fr\/wp-content\/uploads\/2021\/10\/slider-3.jpg\"><img loading=\"lazy\" class=\"alignnone size-full wp-image-3031\" src=\"http:\/\/www.vetements-villablanche.fr\/wp-content\/uploads\/2021\/10\/slider-3.jpg\" alt=\"\" width=\"1560\" height=\"932\" srcset=\"https:\/\/www.vetements-villablanche.fr\/wp-content\/uploads\/2021\/10\/slider-3-200x119.jpg 200w, https:\/\/www.vetements-villablanche.fr\/wp-content\/uploads\/2021\/10\/slider-3-300x179.jpg 300w, https:\/\/www.vetements-villablanche.fr\/wp-content\/uploads\/2021\/10\/slider-3-400x239.jpg 400w, https:\/\/www.vetements-villablanche.fr\/wp-content\/uploads\/2021\/10\/slider-3-600x358.jpg 600w, https:\/\/www.vetements-villablanche.fr\/wp-content\/uploads\/2021\/10\/slider-3-768x459.jpg 768w, https:\/\/www.vetements-villablanche.fr\/wp-content\/uploads\/2021\/10\/slider-3-800x478.jpg 800w, https:\/\/www.vetements-villablanche.fr\/wp-content\/uploads\/2021\/10\/slider-3-1024x612.jpg 1024w, https:\/\/www.vetements-villablanche.fr\/wp-content\/uploads\/2021\/10\/slider-3-1200x717.jpg 1200w, https:\/\/www.vetements-villablanche.fr\/wp-content\/uploads\/2021\/10\/slider-3.jpg 1560w\" sizes=\"(max-width: 1560px) 100vw, 1560px\" \/><\/a><\/p>\n<div class=\"fusion-clearfix\"><\/div><\/div><\/div><div class=\"fusion-clearfix\"><\/div><\/div><\/div>\n","protected":false},"excerpt":{"rendered":"","protected":false},"author":1,"featured_media":0,"parent":0,"menu_order":0,"comment_status":"closed","ping_status":"closed","template":"","meta":[],"_links":{"self":[{"href":"https:\/\/www.vetements-villablanche.fr\/index.php\/wp-json\/wp\/v2\/pages\/1725"}],"collection":[{"href":"https:\/\/www.vetements-villablanche.fr\/index.php\/wp-json\/wp\/v2\/pages"}],"about":[{"href":"https:\/\/www.vetements-villablanche.fr\/index.php\/wp-json\/wp\/v2\/types\/page"}],"author":[{"embeddable":true,"href":"https:\/\/www.vetements-villablanche.fr\/index.php\/wp-json\/wp\/v2\/users\/1"}],"replies":[{"embeddable":true,"href":"https:\/\/www.vetements-villablanche.fr\/index.php\/wp-json\/wp\/v2\/comments?post=1725"}],"version-history":[{"count":59,"href":"https:\/\/www.vetements-villablanche.fr\/index.php\/wp-json\/wp\/v2\/pages\/1725\/revisions"}],"predecessor-version":[{"id":3058,"href":"https:\/\/www.vetements-villablanche.fr\/index.php\/wp-json\/wp\/v2\/pages\/1725\/revisions\/3058"}],"wp:attachment":[{"href":"https:\/\/www.vetements-villablanche.fr\/index.php\/wp-json\/wp\/v2\/media?parent=1725"}],"curies":[{"name":"wp","href":"https:\/\/api.w.org\/{rel}","templated":true}]}}